{"id":520,"date":"2025-08-26T10:37:25","date_gmt":"2025-08-26T10:37:25","guid":{"rendered":"https:\/\/allensuadiye.com\/?page_id=520"},"modified":"2025-08-30T13:56:41","modified_gmt":"2025-08-30T13:56:41","slug":"hakkimizda","status":"publish","type":"page","link":"https:\/\/allensuadiye.com\/index.php\/hakkimizda\/","title":{"rendered":"Hakk\u0131m\u0131zda"},"content":{"rendered":"\t\t<div data-elementor-type=\"wp-page\" data-elementor-id=\"520\" class=\"elementor elementor-520\">\n\t\t\t\t\t\t<section class=\"elementor-section elementor-top-section elementor-element elementor-element-40722067 elementor-section-boxed elementor-section-height-default elementor-section-height-default\" data-id=\"40722067\" data-element_type=\"section\" data-e-type=\"section\" data-settings=\"{&quot;background_background&quot;:&quot;classic&quot;}\">\n\t\t\t\t\t\t\t<div class=\"elementor-background-overlay\"><\/div>\n\t\t\t\t\t\t\t<div class=\"elementor-container elementor-column-gap-default\">\n\t\t\t\t\t<div class=\"elementor-column elementor-col-100 elementor-top-column elementor-element elementor-element-4d978ead\" data-id=\"4d978ead\" data-element_type=\"column\" data-e-type=\"column\">\n\t\t\t<div class=\"elementor-widget-wrap elementor-element-populated\">\n\t\t\t\t\t\t<section class=\"elementor-section elementor-inner-section elementor-element elementor-element-7ded0e3f elementor-section-boxed elementor-section-height-default elementor-section-height-default\" data-id=\"7ded0e3f\" data-element_type=\"section\" data-e-type=\"section\">\n\t\t\t\t\t\t<div class=\"elementor-container elementor-column-gap-default\">\n\t\t\t\t\t<div class=\"elementor-column elementor-col-100 elementor-inner-column elementor-element elementor-element-340d61fb\" data-id=\"340d61fb\" data-element_type=\"column\" data-e-type=\"column\">\n\t\t\t<div class=\"elementor-widget-wrap\">\n\t\t\t\t\t\t\t<\/div>\n\t\t<\/div>\n\t\t\t\t\t<\/div>\n\t\t<\/section>\n\t\t\t\t\t<\/div>\n\t\t<\/div>\n\t\t\t\t\t<\/div>\n\t\t<\/section>\n\t\t\t\t<section class=\"elementor-section elementor-top-section elementor-element elementor-element-30973cf0 elementor-section-boxed elementor-section-height-default elementor-section-height-default\" data-id=\"30973cf0\" data-element_type=\"section\" data-e-type=\"section\" data-settings=\"{&quot;background_background&quot;:&quot;classic&quot;}\">\n\t\t\t\t\t\t<div class=\"elementor-container elementor-column-gap-default\">\n\t\t\t\t\t<div class=\"elementor-column elementor-col-50 elementor-top-column elementor-element elementor-element-578161b8 elementor-invisible\" data-id=\"578161b8\" data-element_type=\"column\" data-e-type=\"column\" data-settings=\"{&quot;animation&quot;:&quot;fadeInLeft&quot;}\">\n\t\t\t<div class=\"elementor-widget-wrap elementor-element-populated\">\n\t\t\t\t\t\t<div class=\"elementor-element elementor-element-6fd671fd elementor-widget elementor-widget-heading\" data-id=\"6fd671fd\" data-element_type=\"widget\" data-e-type=\"widget\" data-widget_type=\"heading.default\">\n\t\t\t\t\t<h6 class=\"elementor-heading-title elementor-size-default\">Kokteylin sanat oldu\u011fu yer<\/h6>\t\t\t\t<\/div>\n\t\t\t\t<div class=\"elementor-element elementor-element-91cd234 elementor-widget elementor-widget-heading\" data-id=\"91cd234\" data-element_type=\"widget\" data-e-type=\"widget\" data-widget_type=\"heading.default\">\n\t\t\t\t\t<h3 class=\"elementor-heading-title elementor-size-default\">40\u2019tan fazla imza ve klasik kokteyl, el yap\u0131m\u0131 p\u00fcreler ve \u015furuplar, s\u0131rad\u0131\u015f\u0131 sunumlar ile her kokteyl benzersiz bir deneyimdir.<\/h3>\t\t\t\t<\/div>\n\t\t\t\t<div class=\"elementor-element elementor-element-6fd14cc8 elementor-widget__width-initial elementor-widget elementor-widget-text-editor\" data-id=\"6fd14cc8\" data-element_type=\"widget\" data-e-type=\"widget\" data-widget_type=\"text-editor.default\">\n\t\t\t\t\t\t\t\t\t<p>Suadiye\u2019nin kalp ritmini tutan bir bulu\u015fma noktas\u0131.<\/p><p>Allen\u2019da her \u015fey, sizin zaman\u0131n\u0131z\u0131 iyi de\u011ferlendirmeniz \u00fczerine kurgulan\u0131r. \u0130mza kokteyllerimiz, klasiklerin \u00f6tesine ge\u00e7en rafine bir yolculuk sunarken; mutfa\u011f\u0131m\u0131z payla\u015fmaya uygun tabaklar ve \u00f6zenle haz\u0131rlanm\u0131\u015f lezzetleriyle bu yolculu\u011fa e\u015flik eder.<\/p><p>Her detay\u0131nda \u00f6zenle tasarlanm\u0131\u015f bir hik\u00e2yeyi, kendi ritminizde ke\u015ffetmeniz i\u00e7in buraday\u0131z. Mevsimsel \u00fcr\u00fcnler, \u00f6zg\u00fcn re\u00e7eteler ve yarat\u0131c\u0131 dokunu\u015flar, Allen deneyiminin en g\u00fc\u00e7l\u00fc karakterleri.<\/p><p>Ba\u011fdat Caddesi\u2019nin ruhunu ta\u015f\u0131yan estetik ve ikonik ambiyans\u0131m\u0131z; g\u00fcn \u0131\u015f\u0131\u011f\u0131ndan geceye, dostlarla payla\u015f\u0131lan anlardan kendi sessizli\u011finize kadar, her an\u0131 de\u011ferli k\u0131lar.<\/p><p>Allen, \u015fehirli sadelik ile abart\u0131s\u0131z \u015f\u0131kl\u0131\u011f\u0131 bulu\u015fturan; kokteylin, mutfa\u011f\u0131n ve atmosferin bir b\u00fct\u00fcn olarak ya\u015fand\u0131\u011f\u0131 samimi bir deneyim noktas\u0131.<\/p><p>\u00a0<\/p><p>\u00a0<\/p>\t\t\t\t\t\t\t\t<\/div>\n\t\t\t\t\t<\/div>\n\t\t<\/div>\n\t\t\t\t<div class=\"elementor-column elementor-col-50 elementor-top-column elementor-element elementor-element-40422a4a\" data-id=\"40422a4a\" data-element_type=\"column\" data-e-type=\"column\">\n\t\t\t<div class=\"elementor-widget-wrap elementor-element-populated\">\n\t\t\t\t\t\t<div class=\"elementor-element elementor-element-7ed7564b elementor-invisible elementor-widget elementor-widget-image\" data-id=\"7ed7564b\" data-element_type=\"widget\" data-e-type=\"widget\" data-settings=\"{&quot;_animation&quot;:&quot;bounceInDown&quot;}\" data-widget_type=\"image.default\">\n\t\t\t\t\t\t\t\t\t\t\t\t\t\t\t<img fetchpriority=\"high\" decoding=\"async\" width=\"1200\" height=\"1600\" src=\"https:\/\/allensuadiye.com\/wp-content\/uploads\/2025\/08\/WhatsApp-Image-2025-08-29-at-09.50.58.jpeg\" class=\"attachment-full size-full wp-image-592\" alt=\"\" srcset=\"https:\/\/allensuadiye.com\/wp-content\/uploads\/2025\/08\/WhatsApp-Image-2025-08-29-at-09.50.58.jpeg 1200w, https:\/\/allensuadiye.com\/wp-content\/uploads\/2025\/08\/WhatsApp-Image-2025-08-29-at-09.50.58-225x300.jpeg 225w, https:\/\/allensuadiye.com\/wp-content\/uploads\/2025\/08\/WhatsApp-Image-2025-08-29-at-09.50.58-768x1024.jpeg 768w, https:\/\/allensuadiye.com\/wp-content\/uploads\/2025\/08\/WhatsApp-Image-2025-08-29-at-09.50.58-1152x1536.jpeg 1152w\" sizes=\"(max-width: 1200px) 100vw, 1200px\" \/>\t\t\t\t\t\t\t\t\t\t\t\t\t\t\t<\/div>\n\t\t\t\t\t<\/div>\n\t\t<\/div>\n\t\t\t\t\t<\/div>\n\t\t<\/section>\n\t\t\t\t<\/div>\n\t\t","protected":false},"excerpt":{"rendered":"<p>Kokteylin sanat oldu\u011fu yer 40\u2019tan fazla imza ve klasik kokteyl, el yap\u0131m\u0131 p\u00fcreler ve \u015furuplar, s\u0131rad\u0131\u015f\u0131 sunumlar ile her kokteyl benzersiz bir deneyimdir. Suadiye\u2019nin kalp ritmini tutan bir bulu\u015fma noktas\u0131. Allen\u2019da her \u015fey, sizin zaman\u0131n\u0131z\u0131 iyi de\u011ferlendirmeniz \u00fczerine kurgulan\u0131r. \u0130mza kokteyllerimiz, klasiklerin \u00f6tesine ge\u00e7en rafine bir yolculuk sunarken; mutfa\u011f\u0131m\u0131z payla\u015fmaya uygun tabaklar ve \u00f6zenle haz\u0131rlanm\u0131\u015f [&hellip;]<\/p>\n","protected":false},"author":1,"featured_media":0,"parent":0,"menu_order":0,"comment_status":"closed","ping_status":"closed","template":"elementor_header_footer","meta":{"footnotes":""},"class_list":["post-520","page","type-page","status-publish","hentry"],"_links":{"self":[{"href":"https:\/\/allensuadiye.com\/index.php\/wp-json\/wp\/v2\/pages\/520","targetHints":{"allow":["GET"]}}],"collection":[{"href":"https:\/\/allensuadiye.com\/index.php\/wp-json\/wp\/v2\/pages"}],"about":[{"href":"https:\/\/allensuadiye.com\/index.php\/wp-json\/wp\/v2\/types\/page"}],"author":[{"embeddable":true,"href":"https:\/\/allensuadiye.com\/index.php\/wp-json\/wp\/v2\/users\/1"}],"replies":[{"embeddable":true,"href":"https:\/\/allensuadiye.com\/index.php\/wp-json\/wp\/v2\/comments?post=520"}],"version-history":[{"count":16,"href":"https:\/\/allensuadiye.com\/index.php\/wp-json\/wp\/v2\/pages\/520\/revisions"}],"predecessor-version":[{"id":718,"href":"https:\/\/allensuadiye.com\/index.php\/wp-json\/wp\/v2\/pages\/520\/revisions\/718"}],"wp:attachment":[{"href":"https:\/\/allensuadiye.com\/index.php\/wp-json\/wp\/v2\/media?parent=520"}],"curies":[{"name":"wp","href":"https:\/\/api.w.org\/{rel}","templated":true}]}}